factor of 5407376 and 48?
16
What is the highest common factor of 25050 and 150?
150
What is the greatest common factor of 118825 and 4165?
245
Calculate the highest common divisor of 430539 and 3.
3
Calculate the highest common divisor of 46 and 68563.
23
Calculate the greatest common divisor of 250 and 2792875.
125
What is the greatest common divisor of 171237 and 11?
11
Calculate the greatest common factor of 2652 and 4233.
51
Calculate the highest common factor of 209664 and 9072.
1008
What is the highest common factor of 21728 and 46592?
224
Calculate the greatest common divisor of 286 and 243342.
22
Calculate the greatest common divisor of 35893 and 143.
143
What is the highest common divisor of 324 and 6816?
12
Calculate the greatest common factor of 65102 and 344.
86
What is the greatest common factor of 1715 and 7840?
245
What is the highest common factor of 18392 and 884752?
968
What is the greatest common divisor of 4 and 68732?
4
What is the highest common factor of 2 and 13165?
1
Calculate the highest common divisor of 4887 and 20815.
181
Calculate the greatest common factor of 2574 and 6237.
99
Calculate the highest common divisor of 517 and 9427.
11
What is the greatest common factor of 37 and 7143109?
37
What is the highest common factor of 94846 and 264358?
2018
Calculate the greatest common divisor of 2226 and 1314824.
742
What is the greatest common factor of 762 and 899922?
762
Calculate the highest common factor of 91 and 1127126.
91
Calculate the greatest common factor of 3458 and 884.
26
Calculate the highest common factor of 20370 and 735.
105
Calculate the greatest common factor of 1984 and 45880.
248
Calculate the highest common factor of 984 and 10092.
12
What is the highest common divisor of 88 and 20966?
22
Calculate the greatest common divisor of 44941 and 312.
13
Calculate the highest common factor of 108 and 175248.
36
What is the highest common factor of 704 and 6480?
16
Calculate the highest common divisor of 16325 and 625.
25
Calculate the highest common divisor of 34 and 199274.
34
What is the highest common divisor of 25072 and 48?
16
What is the highest common factor of 41956 and 68?
68
Calculate the greatest common divisor of 11326 and 6062.
14
What is the greatest common factor of 986736 and 348?
12
What is the greatest common factor of 414 and 2906142?
138
Calculate the highest common divisor of 2112 and 2341680.
528
What is the greatest common factor of 834 and 9313?
139
What is the highest common factor of 5238 and 284210?
194
Calculate the highest common factor of 3648 and 32072.
152
What is the greatest common divisor of 14 and 9443?
7
Calculate the greatest common factor of 52245 and 5590.
215
What is the greatest common divisor of 1870 and 6230?
10
What is the greatest common divisor of 45593 and 1795?
359
What is the highest common divisor of 751095 and 6?
3
Calculate the highest common factor of 400 and 3725.
25
What is the highest common divisor of 65934 and 26406?
162
What is the highest common factor of 8285 and 595?
5
Calculate the greatest common divisor of 582 and 588984.
582
What is the highest common factor of 29 and 1257440?
29
What is the greatest common factor of 1898 and 52?
26
Calculate the greatest common divisor of 124 and 118606.
62
Calculate the greatest common factor of 40370 and 33.
11
What is the greatest common factor of 140 and 7578830?
70
Calculate the highest common divisor of 152 and 43434.
38
What is the highest common factor of 23342 and 22?
22
Calculate the greatest common factor of 5600 and 10.
10
What is the greatest common divisor of 566289 and 9?
9
What is the highest common divisor of 36772 and 2204?
116
What is the highest common factor of 42 and 138894?
42
Calculate the greatest common factor of 5526 and 18.
18
What is the highest common divisor of 151795 and 133?
7
Calculate the highest common factor of 10 and 1616885.
5
Calculate the greatest common divisor of 88900 and 400.
100
Calculate the highest common factor of 98400 and 32.
32
Calculate the greatest common divisor of 3107 and 29875.
239
What is the greatest common divisor of 2576 and 89424?
368
What is the highest common factor of 176669 and 2747?
41
Calculate the greatest common divisor of 88734 and 69.
69
Calculate the greatest common divisor of 12691 and 185.
37
What is the greatest common divisor of 1750 and 266?
14
What is the greatest common factor of 58065 and 1050?
105
What is the highest common divisor of 407 and 440?
11
Calculate the highest common divisor of 1088 and 3296.
32
Calculate the greatest common divisor of 63 and 17031.
21
Calculate the greatest common factor of 182 and 184604.
14
Calculate the greatest common factor of 21666 and 3381.
69
Calculate the highest common divisor of 373723 and 812.
203
Calculate the highest common divisor of 55054 and 4.
2
Calculate the highest common divisor of 31144 and 408.
136
What is the highest common divisor of 2457 and 61971?
273
Calculate the greatest common divisor of 1612 and 6292.
52
Calculate the greatest common divisor of 164 and 1728396.
164
Calculate the greatest common factor of 6112 and 80.
16
What is the highest common factor of 24 and 277281?
3
Calculate the highest common factor of 1750 and 1932875.
875
What is the highest common divisor of 249 and 13575?
3
What is the highest common divisor of 3938 and 95854?
22
Calculate the greatest common divisor of 6736 and 2368.
16
Calculate the greatest common divisor of 540 and 7060.
20
What is the highest common divisor of 54225 and 85555?
1205
What is the highest common divisor of 9 and 801090?
9
What is the greatest common divisor of 740 and 81030?
370
What is the greatest common factor of 133 and 32053?
133
Calculate the greatest common factor of 658725 and 300.
75
Calculate the greatest common divisor of 9788 and 10.
2
What is the greatest common divisor of 34967 and 3285?
73
Calculate the highest common factor of 2856 and 1275.
51
What is the greatest common factor of 82669 and 3664?
229
What is the highest common divisor of 791 and 21?
7
Calculate the greatest common factor of 1334995 and 10.
5
Calculate the highest common factor of 380817 and 684.
171
What is the highest common factor of 4353685 and 70?
35
What is the highest common factor of 443075 and 50?
25
What is the greatest common divisor of 1155453 and 258?
129
Calculate the highest common divisor of 454 and 758.
2
Calculate the greatest common divisor of 242 and 202829.
11
What is the greatest common divisor of 1560 and 350?
10
What is the greatest common factor of 4173 and 749?
107
What is the greatest common divisor of 1177 and 49327?
107
What is the greatest common factor of 40 and 2646040?
40
What is the highest common divisor of 12093 and 551?
29
What is the greatest common factor of 146 and 463988?
146
Calculate the highest common factor of 5252 and 1004748.
404
Calculate the greatest common divisor of 24462 and 90.
18
What is the greatest common factor of 2141266 and 328?
82
What is the greatest common factor of 27 and 3423087?
27
What is the highest common divisor of 582138 and 18?
18
What is the greatest common divisor of 850 and 667675?
425
What is the greatest common divisor of 2924 and 172?
172
Calculate the highest common factor of 187 and 11143.
11
What is the highest common divisor of 21 and 161?
7
Calculate the highest common divisor of 578279 and 143.
13
Calculate the highest common divisor of 93 and 16089.
93
What is the greatest common divisor of 212 and 128?
4
What is the highest common divisor of 999429 and 1185?
237
Calculate the highest common divisor of 222 and 3552.
222
What is the greatest common divisor of 187 and 75471?
11
Calculate the highest common divisor of 203 and 33147.
29
Calculate the greatest common factor of 133492 and 24.
4
Calculate the greatest common divisor of 810194 and 308.
154
What is the highest common divisor of 804 and 62913?
201
What is the highest common divisor of 27975 and 17475?
75
What is the greatest common divisor of 49408 and 1158?
386
What is the highest common factor of 18504 and 160?
8
What is the highest common factor of 10560672 and 27?
27
Calculate the greatest common factor of 80 and 10515.
5
What is the highest common factor of 107262 and 72?
18
What is 